the remainder when 51217269 is divided by 45325?
19
Calculate the remainder when 10974 is divided by 10814.
160
What is the remainder when 820826 is divided by 29?
10
Calculate the remainder when 1730435 is divided by 2708.
23
Calculate the remainder when 129996220 is divided by 64998101.
18
What is the remainder when 2420380 is divided by 1210098?
184
Calculate the remainder when 45269 is divided by 4087.
312
What is the remainder when 2412365 is divided by 112?
109
Calculate the remainder when 2839858 is divided by 90.
88
What is the remainder when 15602 is divided by 12548?
3054
Calculate the remainder when 211453 is divided by 1068.
1057
What is the remainder when 700052 is divided by 350022?
8
What is the remainder when 160830 is divided by 54?
18
What is the remainder when 1547232 is divided by 52?
24
Calculate the remainder when 75116595 is divided by 25.
20
Calculate the remainder when 8339004 is divided by 2078.
2068
What is the remainder when 387689950 is divided by 416?
414
What is the remainder when 1076941 is divided by 575?
541
What is the remainder when 1174651 is divided by 814?
49
What is the remainder when 167205479 is divided by 61?
26
Calculate the remainder when 1358137 is divided by 194006.
95
What is the remainder when 25106858 is divided by 1893?
1892
What is the remainder when 22242485 is divided by 97?
94
Calculate the remainder when 3592972 is divided by 6617.
6558
Calculate the remainder when 4052366 is divided by 584.
574
Calculate the remainder when 273327 is divided by 680.
647
Calculate the remainder when 165820 is divided by 55018.
766
Calculate the remainder when 23152066 is divided by 5788009.
30
What is the remainder when 532929 is divided by 322?
19
Calculate the remainder when 1579830 is divided by 263187.
708
Calculate the remainder when 47736674 is divided by 75.
74
What is the remainder when 151872 is divided by 3105?
2832
What is the remainder when 238705 is divided by 579?
157
Calculate the remainder when 99402934 is divided by 904.
902
What is the remainder when 3674 is divided by 235?
149
Calculate the remainder when 898869 is divided by 81.
12
What is the remainder when 548462 is divided by 2858?
2584
What is the remainder when 1078894 is divided by 474?
70
What is the remainder when 886299 is divided by 6?
3
What is the remainder when 1432622 is divided by 5368?
4734
Calculate the remainder when 9996 is divided by 9874.
122
What is the remainder when 846666 is divided by 12270?
36
Calculate the remainder when 144346 is divided by 6.
4
Calculate the remainder when 128088 is divided by 42653.
129
What is the remainder when 25859027 is divided by 51512?
3
Calculate the remainder when 2130448 is divided by 1064555.
1338
What is the remainder when 19804745 is divided by 244?
241
Calculate the remainder when 33089 is divided by 6598.
99
Calculate the remainder when 3960 is divided by 3695.
265
Calculate the remainder when 7636657 is divided by 39.
28
What is the remainder when 8814656 is divided by 2964?
2684
Calculate the remainder when 5494063 is divided by 718.
645
What is the remainder when 44742 is divided by 12?
6
What is the remainder when 3197056869 is divided by 18247?
18246
Calculate the remainder when 2325885 is divided by 11023.
32
Calculate the remainder when 39533900 is divided by 3035.
3025
Calculate the remainder when 95097309 is divided by 5005121.
10
Calculate the remainder when 543308 is divided by 623.
52
Calculate the remainder when 12477958 is divided by 12477899.
59
What is the remainder when 11208014 is divided by 509453?
48
What is the remainder when 16552192 is divided by 314?
310
What is the remainder when 48171 is divided by 1853?
1846
Calculate the remainder when 514721 is divided by 513677.
1044
What is the remainder when 2025125 is divided by 2025125?
0
What is the remainder when 315002 is divided by 932?
918
What is the remainder when 2876111984 is divided by 11594?
11592
Calculate the remainder when 164393668 is divided by 46.
18
What is the remainder when 624405841 is divided by 3902?
3899
What is the remainder when 549943 is divided by 27454?
863
What is the remainder when 9717047 is divided by 1096?
1007
What is the remainder when 1268192 is divided by 1628?
1608
Calculate the remainder when 339719 is divided by 109321.
11756
Calculate the remainder when 1787771 is divided by 45.
11
What is the remainder when 25551035 is divided by 19?
6
What is the remainder when 298536 is divided by 367?
165
What is the remainder when 1283723 is divided by 2574?
1871
Calculate the remainder when 863682 is divided by 1137.
699
Calculate the remainder when 157407 is divided by 3315.
1602
Calculate the remainder when 732681 is divided by 396.
81
What is the remainder when 6672301 is divided by 1334460?
1
Calculate the remainder when 111293248 is divided by 431.
428
What is the remainder when 210392 is divided by 120?
32
What is the remainder when 480326 is divided by 439?
60
Calculate the remainder when 450664 is divided by 1651.
1592
What is the remainder when 161112747 is divided by 53704243?
18
Calculate the remainder when 327134 is divided by 25154.
132
What is the remainder when 89632196 is divided by 1370?
1316
Calculate the remainder when 3296198 is divided by 824046.
14
What is the remainder when 1357826 is divided by 90?
86
Calculate the remainder when 5261447 is divided by 27.
11
Calculate the remainder when 1160753 is divided by 603.
581
Calculate the remainder when 17223955 is divided by 538247.
51
Calculate the remainder when 1717393 is divided by 19082.
13
What is the remainder when 4905734 is divided by 33?
20
What is the remainder when 25231486 is divided by 16?
14
Calculate the remainder when 465954 is divided by 634.
598
What is the remainder when 559398056 is divided by 3363?
3362
Calculate the remainder when 129233910 is divided by 2936.
2934
Calculate the remainder when 542506 is divided by 180823.
37
What is the remainder when 627666 is divided by 271?
30
What is the remainder when 3699998 is divided by 12937?
16
Calculate the remainder when 160659 is divided by 52878.
2025
Calculate the remainder when 11278540 is divided by 34.
26
Calculate the remainder when 102178 is divided by 6798.
208
What is the remainder when 17054765 is divided by 225?
215
What is the remainder when 784133 is divided by 95?
3
Calculate the remainder when 1751884 is divided by 194642.
106
Calculate the remainder when 1399437 is divided by 19.
11
Calculate the remainder when 17441439 is divided by 1340.
1339
Calculate the remainder when 50758 is divided by 3165.
118
What is the remainder when 34860362 is divided by 74?
72
What is the remainder when 331947 is divided by 194?
13
Calculate the remainder when 47691 is divided by 1016.
955
What is the remainder when 4675885 is divided by 82033?
4
Calculate the remainder when 344438 is divided by 28662.
494
What is the remainder when 19371474 is divided by 82?
40
Calculate the remainder when 76942 is divided by 1261.
21
What is the remainder when 54829 is divided by 531?
136
What is the remainder when 259661 is divided by 40?
21
What is the remainder when 1845204 is divided by 307530?
24
Calculate the remainder when 727227 is divided by 2171.
2113
Calculate the remainder when 225086 is divided by 1032.
110
Calculate the remainder when 241084 is divided by 6407.
4025
What is the remainder when 4318849 is divided by 129?
58
Calculate the remainder when 4227981 is divided by 95.
6
What is the remainder when 112176027 is divided by 593?
589
Calculate the remainder when 6356842 is divided by 3178407.
28
Calculate the remainder when 4187501 is divided by 11.
10
Calculate the remainder when 59594 is divided by 603.
500
What is the remainder when 10941627 is divided by 25?
2
What is the remainder when 2438952 is divided by 1877?
729
Calculate the remainder when 35861258 is divided by 6479.
6472
Calculate the remainder when 2184151656 is divided by 20.
16
Calculate the remainder when 1142791 is divided by 3273.
514
What is the remainder when 7958517 is divided by 4130?
7
Calculate the remainder when 262353332 is divided by 2531.
2527
What is the remainder when 57998 is divided by 1312?
270
Calculate the remainder when 1052605 is divided by 127.
29
Wh